{"id":4707,"date":"2025-12-08T06:08:51","date_gmt":"2025-12-08T05:08:51","guid":{"rendered":"https:\/\/tmd.lu\/?page_id=4707"},"modified":"2026-02-12T21:52:17","modified_gmt":"2026-02-12T20:52:17","slug":"wefaw","status":"publish","type":"page","link":"https:\/\/tmd.lu\/?page_id=4707","title":{"rendered":"W\u00e9i e F\u00ebsch am Waasser"},"content":{"rendered":"\n<p class=\"has-headings-color has-sitebg-background-color has-text-color has-background has-link-color wp-elements-314358e38526ead7a78865c1332f0531\" style=\"font-size:60px\">W\u00e9i e F\u00ebsch am Waasser<\/p>\n\n\n\n<figure class=\"wp-block-image size-large\"><img loading=\"lazy\" decoding=\"async\" width=\"1024\" height=\"683\" src=\"https:\/\/tmd.lu\/wp-content\/uploads\/2026\/02\/19_TMD_Wei_e_Fesch_am_Waasser_20260128-1024x683.jpg\" alt=\"\" class=\"wp-image-4908\" srcset=\"https:\/\/tmd.lu\/wp-content\/uploads\/2026\/02\/19_TMD_Wei_e_Fesch_am_Waasser_20260128-1024x683.jpg 1024w, https:\/\/tmd.lu\/wp-content\/uploads\/2026\/02\/19_TMD_Wei_e_Fesch_am_Waasser_20260128-300x200.jpg 300w, https:\/\/tmd.lu\/wp-content\/uploads\/2026\/02\/19_TMD_Wei_e_Fesch_am_Waasser_20260128-768x512.jpg 768w, https:\/\/tmd.lu\/wp-content\/uploads\/2026\/02\/19_TMD_Wei_e_Fesch_am_Waasser_20260128-1536x1025.jpg 1536w, https:\/\/tmd.lu\/wp-content\/uploads\/2026\/02\/19_TMD_Wei_e_Fesch_am_Waasser_20260128-450x300.jpg 450w, https:\/\/tmd.lu\/wp-content\/uploads\/2026\/02\/19_TMD_Wei_e_Fesch_am_Waasser_20260128.jpg 2013w\" sizes=\"auto, (max-width: 1024px) 100vw, 1024px\" \/><\/figure>\n\n\n\n<p class=\"has-sitebg-background-color has-background\" style=\"font-size:29px\">D\u2019St\u00e9ck spillt am Caf\u00e9 Beim B\u00e4bb. D\u2019Malou an de Claude hunn do eng Wunneng um 3. Stack. D\u2019Malou as dem B\u00e4bb seng bescht Fr\u00ebndin a p\u00e9ckt deem am Bistro eng Hand mat un an dofir brauchen se da kee Loyer ze bezuelen. An hirem Stot ass de Wuerm dran, si hunn sech ausernee gelieft. De Claude prob\u00e9iert nach ze rette wat ze retten ass, allerd\u00e9ngs mat w\u00e9ineg Erfolleg. Hatt huet sech arrang\u00e9iert. Net ganz onsch\u00eblleg dorun ass de Fred, ee w\u00e9inst diversen Iwwergr\u00ebffer suspend\u00e9ierte Flic mat enger grousser Schn\u00ebss, deen sech e Spaass draus m\u00e9cht, vermeintlech m\u00e9i schwaach Individuen ze kujen\u00e9ieren. \u00cbmmer u senger S\u00e4it de Georges, fir deen de Fred esou eng Aart Idol ass. Et brauch wuel net extra betount ze ginn, dass d\u00e9i zwee beim B\u00e4bb senger Stammklientel net g\u00e4r gesi sinn. Scho guer net beim Claude, fir deen ass de Fred ee rout Duch.<\/p>\n\n\n\n<p class=\"has-sitebg-background-color has-background\" style=\"font-size:29px\">Et spillen: Vera Gadd\u00e9, Pierre Lorang, Roland Flenghi, Claude Leus, Romain Graul, Jules Orlando, Rachel Flenghi, Patricia Breuer an Adriano Magnoni<\/p>\n\n\n\n<p class=\"has-sitebg-background-color has-background\" style=\"font-size:29px\">Regie: Jean- Marc Calderoni<br>Assistenz: Romy Bei-Angeloni, Muriel Galeazzi a Chantal Mentz-Nether<br>Technik; Mike Kayser an Arnold Bosseler<br>B\u00fcnebild: Anne Schadeck<br>B\u00fcnebau: Technesch Equipe vum TMD<\/p>\n\n\n\n<p class=\"has-headings-color has-sitebg-background-color has-text-color has-background has-link-color wp-elements-2ed1e22d1db6a60a52c007d2d82a2405\" style=\"font-size:29px\">D\u00ebst ass kee Klamauk!<br>Trotzdeem d\u00e4erf h\u00e4erzhaft gelaacht ginn.<\/p>\n\n\n\n<p class=\"has-headings-color has-sitebg-background-color has-text-color has-background has-link-color wp-elements-261301048374c05d5d0aa9e61beaa544\" style=\"font-size:29px\">Reservatiounen ab dem 16. Februar 2026&nbsp;<a href=\"https:\/\/tmd.lu\/?page_id=33\">hei<\/a><\/p>\n\n\n\n<p><\/p>\n","protected":false},"excerpt":{"rendered":"<p>W\u00e9i e F\u00ebsch am Waasser D\u2019St\u00e9ck spillt am Caf\u00e9 Beim B\u00e4bb. D\u2019Malou an de Claude hunn do eng Wunneng um 3. Stack. D\u2019Malou as dem &hellip;<\/p>\n","protected":false},"author":4,"featured_media":0,"parent":0,"menu_order":0,"comment_status":"closed","ping_status":"closed","template":"","meta":{"footnotes":""},"class_list":["post-4707","page","type-page","status-publish","hentry"],"_links":{"self":[{"href":"https:\/\/tmd.lu\/index.php?rest_route=\/wp\/v2\/pages\/4707","targetHints":{"allow":["GET"]}}],"collection":[{"href":"https:\/\/tmd.lu\/index.php?rest_route=\/wp\/v2\/pages"}],"about":[{"href":"https:\/\/tmd.lu\/index.php?rest_route=\/wp\/v2\/types\/page"}],"author":[{"embeddable":true,"href":"https:\/\/tmd.lu\/index.php?rest_route=\/wp\/v2\/users\/4"}],"replies":[{"embeddable":true,"href":"https:\/\/tmd.lu\/index.php?rest_route=%2Fwp%2Fv2%2Fcomments&post=4707"}],"version-history":[{"count":14,"href":"https:\/\/tmd.lu\/index.php?rest_route=\/wp\/v2\/pages\/4707\/revisions"}],"predecessor-version":[{"id":4914,"href":"https:\/\/tmd.lu\/index.php?rest_route=\/wp\/v2\/pages\/4707\/revisions\/4914"}],"wp:attachment":[{"href":"https:\/\/tmd.lu\/index.php?rest_route=%2Fwp%2Fv2%2Fmedia&parent=4707"}],"curies":[{"name":"wp","href":"https:\/\/api.w.org\/{rel}","templated":true}]}}